what is -129 + -2?
-131
In base 15, what is 7 - -6c?
74
In base 9, what is 0 - 614?
-614
In base 7, what is -3 + 156?
153
In base 12, what is -51 - -2?
-4b
In base 10, what is -644 - -3?
-641
In base 5, what is -33 + 100?
12
In base 9, what is -3 - 217?
-221
In base 10, what is 3 + -18?
-15
In base 7, what is 10 + 531?
541
In base 14, what is -166 + 2a?
-13a
In base 2, what is -1000 + 110101110?
110100110
In base 12, what is 2 - 1291?
-128b
In base 12, what is -37 - -2?
-35
In base 5, what is -23 + 31013?
30440
In base 2, what is 10101000 + 11?
10101011
In base 11, what is -43 + -23?
-66
In base 3, what is -1000200 + -12?
-1000212
In base 4, what is -3210111 - 3?
-3210120
In base 8, what is 421 - 3?
416
In base 4, what is -113 + 22?
-31
In base 3, what is -10110 + 2?
-10101
In base 10, what is 98 - 2?
96
In base 8, what is 4 - -542?
546
In base 15, what is -13 + 2da?
2c7
In base 11, what is 9107 + -4?
9103
In base 4, what is 2302 + 2?
2310
In base 11, what is 10 + -3?
8
In base 15, what is -42 + 6?
-3b
In base 3, what is -2 - -1011211?
1011202
In base 2, what is 100110 + 100101?
1001011
In base 14, what is -c + 393?
385
In base 2, what is 100000 + 10010?
110010
In base 10, what is 749 + -32?
717
In base 13, what is -26 + c?
-17
In base 16, what is -5 - 207?
-20c
In base 16, what is -848 + -4?
-84c
In base 15, what is 0 + 37?
37
In base 7, what is 15 + 215?
233
In base 4, what is -32201 + -13?
-32220
In base 13, what is -940 - -c?
-931
In base 12, what is 2 + 13a?
140
In base 6, what is 2 + 123?
125
In base 14, what is 1 + 11b?
11c
In base 2, what is -10101000000 + -111?
-10101000111
In base 14, what is -9 + 8?
-1
In base 3, what is -2 + -111210?
-111212
In base 3, what is -2110 - 1?
-2111
In base 14, what is 5 - c0?
-b9
In base 5, what is 202 - -2?
204
In base 10, what is -1274 - 3?
-1277
In base 7, what is 3 - 166?
-163
In base 14, what is 148 + 0?
148
In base 15, what is -4 - -2b2?
2ad
In base 13, what is 74 - -4?
78
In base 11, what is 36 - 3?
33
In base 2, what is -1000011 + -1100?
-1001111
In base 12, what is -3b + 0?
-3b
In base 16, what is e + -944?
-936
In base 8, what is -161 + 75?
-64
In base 10, what is 10 + 24?
34
In base 3, what is 1 + 1102?
1110
In base 4, what is -11 + -30102?
-30113
In base 2, what is 11 - -10010000?
10010011
In base 8, what is 102 + 7?
111
In base 14, what is 1 - 30?
-2d
In base 8, what is -157 + 0?
-157
In base 12, what is 27 - -48?
73
In base 13, what is -3 - -3a?
37
In base 9, what is -6 + -1054?
-1061
In base 2, what is 10001100100 + -11?
10001100001
In base 4, what is -3031 - 3?
-3100
In base 11, what is 6 + 208?
213
In base 15, what is -17 + -4?
-1b
In base 4, what is -22 + -22113?
-22201
In base 5, what is 20 + 33?
103
In base 13, what is -70a + -5?
-712
In base 3, what is 212 - -12?
1001
In base 10, what is -4 - 37?
-41
In base 7, what is -2 - 42?
-44
In base 12, what is 49 + 5?
52
In base 9, what is -432 + 5?
-426
In base 4, what is -32011 + 10?
-32001
In base 7, what is -31 + -1?
-32
In base 15, what is -11 + -d?
-1e
In base 2, what is -11110010 + -11?
-11110101
In base 15, what is -339 - 4?
-33d
In base 12, what is 18 + b?
27
In base 12, what is b5 - 0?
b5
In base 3, what is 21110 - -120?
22000
In base 12, what is -8 - 4b?
-57
In base 14, what is -42 + -c?
-50
In base 13, what is 2 - 54?
-52
In base 2, what is -1000101101 - 10?
-1000101111
In base 14, what is 1 + 3?
4
In base 4, what is 3 - -32303?
32312
In base 8, what is -53470 + 5?
-53463
In base 2, what is -110001 + -100?
-110101
In base 6, what is -1 + 121?
120
In base 15, what is d - 3a?
-2c
In base 8, what is -13 - -21?
6
In base 16, what is -7 + -28?
-2f
In base 10, what is 5459 + 2?
5461
In base 11, what is 49 - 2?
47
In base 12, what is 1476 - -2?
1478
In base 8, what is -3 + -2375?
-2400
In base 9, what is 357 + -4?
353
In base 2, what is -10011 - -1000?
-1011
In base 3, what is -11 - -122?
111
In base 12, what is -148 + 12?
-136
In base 15, what is 0 - 18?
-18
In base 4, what is 13 + -121?
-102
In base 8, what is 4467 - -1?
4470
In base 8, what is -4 - 610?
-614
In base 13, what is -290 + 8?
-285
In base 6, what is -34543 - 2?
-34545
In base 7, what is -2 + 6026?
6024
In base 4, what is -12 - 2132?
-2210
In base 16, what is -53 + 11?
-42
In base 11, what is -13 - 23?
-36
In base 4, what is 30311 - 1?
30310
In base 5, what is -232 + 111?
-121
In base 11, what is 3 - 43?
-40
In base 5, what is 132 - -10?
142
In base 16, what is -374 + 7?
-36d
In base 11, what is -1635 - 5?
-163a
In base 10, what is -5 + -496?
-501
In base 11, what is -1 + -515?
-516
In base 2, what is 11 + 1100001001?
1100001100
In base 4, what is 10312 - 10?
10302
In base 15, what is 2e - 5?
29
In base 12, what is 2324 + -4?
2320
In base 3, what is 11100 + -10221?
102
In base 4, what is 102 - -10?
112
In base 16, what is 1 + -81c?
-81b
In base 3, what is 2220 - 1010?
1210
In base 14, what is -59c + -3?
-5a1
In base 12, what is 18 - 3?
15
In base 10, what is 234 - -8?
242
In base 3, what is -10110 - -2?
-10101
In base 13, what is 35 - -3?
38
In base 5, what is 4003 + -20?
3433
In base 2, what is -11000 + 110110110?
110011110
In base 7, what is 0 - -146?
146
In base 16, what is 2b4 - -3?
2b7
In base 16, what is -32 + 3?
-2f
In base 16, what is -32b + -1?
-32c
In base 4, what is 10 + -123?
-113
In base 14, what is -3 + 17d?
17a
In base 7, what is 16234 - 3?
16231
In base 12, what is 2 - 50?
-4a
In base 14, what is 4 - ac4?
-ac0
In base 2, what is 0 + 100001111?
100001111
In base 13, what is -26b2 + 1?
-26b1
In base 5, what is 14 - -130?
144
In base 12, what is 2 + 52?
54
In base 8, what is 41 - -143?
204
In base 2, what is -1110110110011 - -10?
-1110110110001
In base 11, what is 1 + 8a3?
8a4
In base 15, what is 3a3 + -2?
3a1
In base 7, what is 5 - 252?
-244
In base 12, what is -5 - 14?
-19
In base 15, what is -7 + 53?
4b
In base 10, what is 2 - 48?
-46
In base 14, what is -4 - -53?
4d
In base 14, what is 3 - -2c?
31
In base 14, what is 5 + -292?
-28b
In base 4, what is 0 + 20023?
20023
In base 7, what is 4 - -21?
25
In base 3, what is -21 - -12?
-2
In base 14, what is -2b + 9?
-22
In base 8, what is -23 + -2?
-25
In base 6, what is -5 - -35?
30
In base 14, what is 5 - -73?
78
In base 3, what is 100 - 20102?
-20002
In base 3, what is 101000 + 10?
101010
In base 4, what is 32 + 23220?
23312
In base 8, what is 3 + 136?
141
In base 12, what is -4 + b5a?
b56
In base 12, what is 1 - -30?
31
In base 11, what is 55 + 15?
6a
In base 11, what is -20 - -15?
-6
In base 10, what is -1 - -56?
55
In base 3, what is -100 - 1002?
-1102
In base 3, what is 112111 + -10?
112101
In base 7, what is -60 + -43?
-133
In base 3, what is -11 + -100111?
-100122
In base 8, what is -363 - 4?
-367
In base 2, what is -10 - -10000101?
10000011
In base 5, what is 4 + 220?
224
In base 7, what is 4 + -12125?
-12121
In base 9, what is -3 - 18?
-22
In base 5, what is -3 - 13400?
-13403
In base 3, what is 211221 + 11?
212002
In base 4, what is 103011 + -1?
103010
In base 16, what is 1c4 - -4?
1c8
In base 4, what is 3233 - -10?
3303
In base 4, what is -210 + 11?
-133
In base 7, what is -4 - -13414?
13410
In base 13, what is -18 + -6c?
-87
In base 9, what is -34 - -8?
-25
In base 11, what is -4 - -46?
42
In base 4, what is -100 - 2003?
-2103
In base 8, what is -2 - 1321?
-1323
In base 13, what is -3 - 7a?
-80
In base 3, what is -12 - -1222?
1210
In base 15, what is -5 - 50?
-55
In base 9, what is -6 + 80?
73
In base 6, what is -13 - -330?
313
In base 14, what is b7 - -4?
bb
In base 16, what is 1 - 2e?
-2d
In base 5, what is -10 + 34313?
34303
In base 11, what is 1 - 17a?
-179
In base 10, what is -29 - 8?
-37
In base 12, what is -1 - a8?
-a9
In base 8, what is 353 + 5?
360
In base 14, what is 360 + -5?
359
In base 12, what is 3 - -10?
13
In base 9, what is 7 + 52?
60
In base 13, what is 0 - -40?
40
In base 15, what is -5 + 51?
4b
In base 14, what is 129 + 2a?
155
In base 16, what is 2f + -3?
2c
In base 9, what is 241 + 211?
452
In base 11, what is -2 + -2022?
-2024
In base 15, what is 7110 + -2?
710d
In base 14, what is -8c - 0?
-8c
In base 12, what is 0 + 3963?
3963
In base 14, what is 1 + 1b0c?
1b0d
In base 12, what is 5 - 57?
-52
In base 6, what is 1 - -35?
40
In base 5, what is -10 + 1113?
1103
In base 12, 